
Suppose 0 = 3*b - 4*v - 1276, 2*b + 83 - 927 = 4*v. What is the highest common divisor of 9 and b?
9
Let u(f) be the third derivative of -f**5/60 + 11*f**4/24 - 10*f**3/3 - 28*f**2. Let m be u(8). What is the highest common factor of m and 28?
4
Let j(u) = 22*u + 32. Let p be j(-1). Calculate the highest common divisor of p and 180.
10
Let v be 0/(-1) - (-19 - (0 - 7)). Let a(n) = 2 + 2*n - 2*n + n**2 - 3*n. Let u be a(5). Calculate the highest common divisor of u and v.
12
Suppose 5*h + 406 = 1486. What is the greatest common factor of h and 36?
36
Let w be ((-14)/105*5)/(4/(-30)). Calculate the highest common factor of w and 1.
1
Let w(u) = 5*u + 2. Let i = 5 - 3. Let q be w(i). Suppose z = 4*z - q. Calculate the highest common divisor of 4 and z.
4
Suppose 426 = 6*y + 84. Let u(b) = -b**2 + 4*b - 2. Let n be u(3). Let k be ((-22)/(-1) + -3)*n. What is the highest common divisor of y and k?
19
Let m = -17 - -23. Let z(r) = -m*r - 5*r - 4 + 7*r + 2*r**2. Let a be z(-3). What is the highest common divisor of a and 234?
26
Suppose -2*f - 8 = -12. Suppose -2*p + 4*p = f. What is the greatest common factor of 5 and p?
1
Let y be (-4)/6 + (-24)/(-9). Suppose -i + 172 = i - y*f, 160 = 2*i + 4*f. Calculate the highest common divisor of 21 and i.
21
Let f(b) = -b**3 + 4*b**2 + 7*b - 7. Suppose 0*n - 20 = -4*n. Let g be f(n). Suppose l - 3 = g. Calculate the greatest common divisor of l and 12.
6
Suppose -o + 3*s = -93, 3*o + 3*s + 42 - 345 = 0. What is the highest common divisor of 27 and o?
9
Let d = -318 + 1043. Calculate the highest common divisor of 58 and d.
29
Suppose -5*p - h + 105 = 0, -4*h + 0 = 3*p - 46. Suppose -52*s + 176 = -50*s. Calculate the greatest common factor of p and s.
22
Let r = 681 + -657. What is the greatest common factor of r and 54?
6
Let i(u) = u + 7. Let g = -13 + 7. Let d be i(g). Let t be (9/(-4))/(d/(-4)). Calculate the greatest common divisor of t and 36.
9
Let h(r) = -r + 14. Suppose -2*p + 5*g - 17 = -49, -3*p = g - 31. Let x be h(p). Suppose x + 6 = 3*u. Calculate the highest common divisor of 6 and u.
3
Let i be 8/44 + (-7985)/55. Let z = i + 158. Suppose 0 = p + 4*v - 96, 0 = p + 3*v - 8*v - 114. What is the greatest common divisor of p and z?
13
Suppose -47*k + 41*k + 414 = 0. Calculate the highest common factor of k and 92.
23
Suppose 5*c = -2*d - d + 235, -2*c + 3*d + 115 = 0. Let f be -20*((-45)/4)/3. What is the highest common divisor of c and f?
25
Let s = 18 + -28. Let v be ((-4)/(-3))/(s/(-15)). Let h be (-203)/(-7) - (v + -1). Calculate the greatest common factor of 4 and h.
4
Let s = -131 - -269. Let z = s + -88. Calculate the greatest common divisor of 10 and z.
10
Suppose 2*l = 2*s + 92, l - 6*l + 20 = 0. Let h be (s/35)/((-2)/5). Let w be 2*(h + 1/2). Calculate the highest common factor of 49 and w.
7
Let f be 2186/52 - (-6)/(-156). Let c(u) = 5*u**2 + 1. Let v be c(1). What is the highest common factor of f and v?
6
Let o = 3 + -14. Let i(l) = -l + 1. Let n be i(o). Suppose 18 = -11*r + n*r. Calculate the highest common divisor of 3 and r.
3
Let j(a) = -a**3 + a**2 - a - 12. Let t be j(0). Let k(m) = m + 26. Let r be k(t). Calculate the greatest common factor of r and 7.
7
Let d(s) = -6*s - 18. Let f be d(-17). Let c = f - 47. What is the greatest common factor of 333 and c?
37
Let w be 5481/28 - (6/8 + 0). What is the highest common factor of 26 and w?
13
Let t be (-10)/(-15) + 50/6. Let n = t - 11. Let g be (-58)/n - (5 + -4). What is the highest common divisor of g and 42?
14
Suppose 29*x - 5883 = -24*x. Calculate the highest common factor of 74 and x.
37
Suppose 0 = 10*o + 18 - 38. What is the greatest common factor of 3 and o?
1
Let l(q) = q**2 - 5*q + 4. Let z be l(3). Let s be (z - 1) + 5 - 0. Let c = -4 + 6. Calculate the highest common factor of c and s.
2
Suppose 14 = -2*l + 3*l + 2*v, -5*l + 5*v = 5. Suppose 4*g = 5*g + 2*k - 16, 5*k - 44 = -3*g. What is the greatest common factor of g and l?
4
Let t = 710 + -398. Suppose 0*j + t = 8*j. Calculate the greatest common factor of 26 and j.
13
Let g = -155 - -195. What is the greatest common divisor of g and 180?
20
Suppose 17*q + 224 = 21*q. Let y be 14/(-1 + (-77)/(-70)). What is the greatest common factor of q and y?
28
Let j = 7 - 11. Let q be (j*1 + 0)/(-2). Suppose 0 = -q*c + 160 - 22. Calculate the highest common divisor of c and 46.
23
Let c = 36 + 89. Let v = c - 86. Let i be (11 - -2 - -1) + -1. Calculate the highest common divisor of v and i.
13
Suppose -16*u - 111*u + 4572 = 0. Calculate the highest common divisor of u and 4.
4
Let o = -954 + 962. Calculate the greatest common factor of o and 8.
8
Suppose 0*f + 10*f = 840. Calculate the greatest common factor of 36 and f.
12
Suppose -14*z + 15*z - 3*b = 108, -3*b + 492 = 4*z. What is the highest common factor of 384 and z?
24
Let w = 35 + -23. Let a be (19 + -10)/(9/48). What is the highest common divisor of w and a?
12
Let f(q) = -q**3 - 11*q**2 - 14*q - 2. Let i be f(-10). What is the greatest common factor of 133 and i?
19
Let j = -322 + 577. Calculate the highest common divisor of j and 51.
51
Let p be ((-182)/(-6))/((-1)/(-3)). Let k be (-672)/(-26) + 14/p. Calculate the highest common factor of k and 234.
26
Suppose -72 = -12*h + 10*h. Suppose 0 = -5*r - q + h, 0*r + 4*r = 5*q + 52. What is the highest common divisor of 88 and r?
8
Suppose -14*w - 181 = -16*w - 3*d, d + 410 = 5*w. What is the greatest common divisor of w and 747?
83
Let z(n) = 2*n + 51. Let s be z(-19). Calculate the highest common factor of 598 and s.
13
Suppose 5*p - 35 = -5*c, -4*p - 2*c + 23 = c. Let i be 28 - 11 - (2 - p). Calculate the greatest common divisor of 17 and i.
17
Let y(m) = -m**3 + 26*m**2 - 12*m - 5. Let s be y(25). Calculate the highest common factor of s and 64.
64
Let b = -66 + 51. Let n be (-8)/((-3)/(b/(-2))). What is the greatest common divisor of n and 50?
10
Let v = -191 - -134. Let f = 87 + v. What is the greatest common divisor of 15 and f?
15
Suppose 0 = 46*v - 1448 - 576. What is the greatest common divisor of v and 242?
22
Let c(j) be the first derivative of -2*j**3/3 - 13*j**2/2 + 12*j + 1. Let b be c(-15). Let n = -153 - b. Calculate the highest common divisor of 36 and n.
18
Let g(a) = a**3 - 14*a**2 + a. Let j(i) = -i**3 + 15*i**2 - i - 1. Let m(q) = -6*g(q) - 5*j(q). Let y be m(7). What is the greatest common factor of 64 and y?
32
Let x = 44 + -17. What is the highest common divisor of x and 207?
9
Suppose -2*j - d + 487 = 0, -366 - 125 = -2*j - 5*d. Calculate the greatest common factor of j and 27.
27
Let c = -264 + 276. What is the greatest common divisor of c and 54?
6
Let m be 618/(-4)*(-5 + 188/(-12)). What is the greatest common factor of 31 and m?
31
Suppose 6*g + 5 = 11*g. Let b(q) = q**2 - 5*q - 2. Let x be b(6). Let s be x/2*(-14)/(-4). Calculate the greatest common divisor of g and s.
1
Let p(i) = 56*i - 45. Let r be p(12). Calculate the highest common factor of r and 57.
57
Let t be -2*(50/5)/((-12)/21). Calculate the highest common divisor of t and 7.
7
Suppose 0 = 31*w - 37*w + 30. Calculate the greatest common divisor of 20 and w.
5
Let w = -5 + 2. Suppose f + 3 = 2*t - 4*f, -24 = -2*t - 2*f. Let l = t + w. What is the highest common divisor of l and 30?
6
Let h(c) = -c**3 + 9*c**2 - c + 11. Let d be h(9). Let k be (22 - 1) + -6 + 5. Suppose -r + k = 6. What is the greatest common divisor of d and r?
2
Let j = 9 + -4. Let z be -1 - -8 - (5 + -3). Suppose n + m - z = 44, 3*m + 78 = 2*n. Calculate the highest common factor of n and j.
5
Let o be -68*(114/24 + -5). What is the greatest common divisor of 1 and o?
1
Let i = -35 + 35. Suppose i = -5*w - 13 + 493. What is the highest common factor of w and 12?
12
Let g(d) = d**3 - 7*d**2 + 8*d - 14. Let u be g(7). Let r(t) = 2*t**2 + 11*t + 15. Let s be r(11). What is the greatest common divisor of s and u?
42
Suppose -6*o - 1511 + 1643 = 0. Suppose 0 = 7*c - 3*c - 704. Calculate the greatest common factor of o and c.
22
Let f = -2001 + 2007. Calculate the highest common factor of 216 and f.
6
Let c be -7*-1*150/35. Suppose 0 = g - 4*g + c. Let z be (-20)/6*(-84)/g. What is the highest common divisor of z and 224?
28
Let y(v) = -2*v - v + 16*v**2 - 16*v**3 + 2*v - 17*v**2. Let w be y(-1). What is the highes